e 2*a - 28 = -16. List the prime factors of 412/6 - (16/a)/(-8).
3, 23
Let y(a) = a**2 + 3*a + 2. Let r be y(-3). Let m be r + -3 - (-6)/(-3). What are the prime factors of (1 - -15)*m/(-6)?
2
Let v(t) = -47*t - 11. Let u be v(7). Let i be (-2)/(u/(-112) - 3). Let y = i + 95. What are the prime factors of y?
3, 13
Let m(n) = -12*n - 25. Suppose 4*u - 1 = -2*l - 13, -4*u + 18 = -l. What are the prime factors of m(l)?
5, 19
Suppose 45*g = 46*g - 145. Let c = -123 + g. List the prime factors of c.
2, 11
Suppose -4*t - 252 = 3*p, t - 70 = 2*t - p. List the prime factors of ((-8)/60*-20)/((-4)/t).
2, 11
Let s = -57 + 59. List the prime factors of 0/(-4 + s) - -71.
71
Let w = 15 - 78. Let r = 95 + w. What are the prime factors of r?
2
Suppose 5*o = -2*b + 449, 5*b - 1145 = o - 6*o. What are the prime factors of b?
2, 29
Let l(a) = -a**3 - 2*a**2 + 6*a - 4. Let r be l(-4). Suppose 2*j - i - 222 = i, r*j = i + 444. What are the prime factors of j?
3, 37
Let v = -129 - -700. What are the prime factors of v?
571
Let o = -434 - -1520. What are the prime factors of o?
2, 3, 181
Suppose 1044 = 32*a - 56108. What are the prime factors of a?
2, 19, 47
Let a = -526 - -841. Suppose f - 105 = 2*h, 7*h - 3*h = -3*f + a. What are the prime factors of f?
3, 5, 7
Suppose -4*x - j = -13, -4*x + 6*j - 4*j + 22 = 0. Suppose 572 = x*u + f, u + 2*u = 5*f + 429. What are the prime factors of u?
11, 13
Let v be (-3)/7 - 10422/(-63). Suppose 7*m + v = 4*m. Let p = m - -100. What are the prime factors of p?
3, 5
Suppose -53*o + 54*o - 3 = 0. Suppose 0 = 3*b - o*l - 444, -b - l = -39 - 111. What are the prime factors of b?
149
What are the prime factors of -2*11/22*-1055?
5, 211
Let x(m) = -46*m + 305. List the prime factors of x(-17).
1087
Let v = -17 + -25. List the prime factors of (-2)/12 + (-2023)/v.
2, 3
Suppose 4*d + 5*y = 9, 0*d = -4*d + y + 27. Suppose d*f - 183 = 21. Let s = -25 + f. List the prime factors of s.
3
Suppose 4*y + 12 = 0, 2*a = -2*a - 3*y + 2011. List the prime factors of a.
5, 101
Let b = 3 - 11. List the prime factors of (-858)/(-27) - b/36.
2
Let x = -10 + 32. Let i = x - -8. Suppose -5*t = -2*t - i. List the prime factors of t.
2, 5
Suppose 5*s + 28 + 59 = n, -n + 19 = -s. Let i = s - -14. What are the prime factors of (1/i)/(3/(-63))?
7
List the prime factors of (2/(-7))/(31/217) - -1499.
3, 499
Let u be 4*15/(-10)*6/(-4). Suppose 239 = 3*q + d, 16 + 4 = 4*d. Suppose -n - u = -q. What are the prime factors of n?
3, 23
Suppose -7*p - 3*h = -9*p + 1268, 0 = -2*p + h + 1272. What are the prime factors of p?
7, 13
Let t = -33 - 117. Let n = t - -154. What are the prime factors of n?
2
Let m be 3/7 - 56/(-98). Suppose 5*o + 3*s = 218, 2*o - 4*s = -m + 109. What are the prime factors of o?
2, 23
Suppose 0 = -3*v + 5*i + 37, 5*i + 23 = 2*v + 2*i. Suppose -v*h + 1 = -7. Suppose -7 = -3*p + h, y - 4*p - 21 = 0. What are the prime factors of y?
3, 11
Let v be 6 - 1 - (-2)/6*3. Suppose v*z - f - 139 = z, -2*z = 3*f - 59. What are the prime factors of z?
2, 7
Suppose 3*j = -4*a - 2 + 3, j - 22 = 3*a. What are the prime factors of 234/j - 3/7?
3, 11
Let c = 844 - 838. Let m(y) = 13*y**2 + y. Let w be m(-1). List the prime factors of 8/w*243/c.
3
Let z be -26 - (0 + 1 - 1). Let t = z - -52. Suppose 4*i - p = 21, 3*p = 4*i + p - t. What are the prime factors of i?
2
Suppose -4*m + 9 - 1 = 0. Suppose -3*z = m*z. Suppose -2*b - 5*d = -19, -4*b - b - 3*d + 19 = z. List the prime factors of b.
2
Let h(c) = 6*c**3 - 16*c**2 - 27*c + 46. List the prime factors of h(10).
2, 3, 29
Let q = 2262 + 1223. What are the prime factors of q?
5, 17, 41
Let x(m) = -m**3 - 3*m**2 - 2*m - 2. Let s be x(-2). Let b be 0*((s - 2) + 3). List the prime factors of (-9)/(b + 1 + -2).
3
Let y = -4 - -10. Suppose c - 67 = -5*h, y*c - 5*h = 2*c + 368. Suppose 5*t - c = 4*u, 4*u + 49 = -3*t + 6*t. List the prime factors of t.
19
Let g = 704 + -469. Suppose -9*v + g = -377. What are the prime factors of v?
2, 17
Let y(p) = p**3 - 51*p**2 + 17*p. What are the prime factors of y(51)?
3, 17
Suppose 0 = 6*g - 6969 - 2877. List the prime factors of g.
3, 547
Suppose 2*t = 2*k + 2, 5*k = 4*t + 2*k - 7. Suppose 0 = 3*n - 6, t*j + n = 172 + 46. What are the prime factors of j?
2, 3
Suppose 0 = 4*z - 13*z + 1503. List the prime factors of z.
167
Let s = -163 + 46. Let g = 210 + s. List the prime factors of g.
3, 31
Let b(i) = i - 6. Let t be b(8). Suppose 0*f = t*f - 10. Suppose -f*k + 2*k - 4*s = -60, k - 4*s - 20 = 0. List the prime factors of k.
2, 5
Let v = -214 + 410. Suppose -v = -8*r + r. List the prime factors of r.
2, 7
Let h = -12 + -95. Let v = -33 - h. What are the prime factors of v?
2, 37
Suppose 0 = 5*h - 3*k - 17, -2*h + 3*k + 4 = -k. Suppose -4 - h = -c. What are the prime factors of c*((-9)/(-2) - 3)?
2, 3
Let l be (-4)/14 + 208/(-56). Let s be 3/l - 594/(-24). What are the prime factors of (-8)/s - 118/(-3)?
3, 13
Let i = 33 + -36. Let t = i + 39. List the prime factors of t.
2, 3
Suppose 3*x + 197 = -2*p, 0 = 2*x - 0*p - p + 136. Let f be 17/(-17) - (x + 0). Suppose w - 2*c - 3*c = f, 2*w = -c + 110. What are the prime factors of w?
2, 7
Let y be (-5)/((-3)/6*2). Suppose 19 = y*v - 201. Let t = v - 21. List the prime factors of t.
23
Let x(t) = t**3 + 2*t**2 - 3*t + 3. Let a be x(-4). Let g be 1 + (-2 - 159/(-3)). Let l = g + a. What are the prime factors of l?
5, 7
Let r be (0/((-16)/4))/(-1). Suppose -2*p + 42 - 16 = r. Let g = -9 + p. What are the prime factors of g?
2
Suppose -21 - 21 = -2*w + 2*c, 4*w - 2*c - 88 = 0. Suppose 25*v = w*v + 462. List the prime factors of v.
3, 7, 11
Suppose 7*d = 86 + 40. Let u be (3/(-2))/((-3)/d). Suppose -6*h + u*h - 114 = 0. List the prime factors of h.
2, 19
Let l be 1 + 4*(-9)/(-12). Suppose l*j - 8 = 12. Suppose j*v - 4*v = 35. What are the prime factors of v?
5, 7
Let q(x) = -34 - 31 + x**2 + 61 - 12*x. Suppose 26 = 5*f - 3*f. What are the prime factors of q(f)?
3
Suppose 1 = 3*n - 4*u + 5*u, -3*n + 2*u - 2 = 0. Suppose -3*y - c - 18 = 0, n = 5*y + c - 1 + 31. Let o = 42 + y. List the prime factors of o.
2, 3
Suppose -q = 5*u - 0*q - 2130, 2*u - 5*q - 852 = 0. List the prime factors of u.
2, 3, 71
Suppose 0 = 5*s - 4*p - 6368 + 539, -4*p - 3491 = -3*s. List the prime factors of s.
7, 167
Suppose -y + 1538 = 3*s, 510 = -34*s + 35*s - y. What are the prime factors of s?
2
Suppose 3*k = -d + 8*k + 3384, 10168 = 3*d - 7*k. What are the prime factors of d?
2, 1697
Let o be 13/((-3)/(0 + 3)). Let s be 2/(-6) - o/3. Let h = s - 2. What are the prime factors of h?
2
Let m be (-126)/(-108) - (-2)/(-12). Let f be m/(4 + -5) + -6. Let c(y) = y**2 + 6*y - 3. List the prime factors of c(f).
2
Let q be (2/((-10)/(-15)))/((-2)/10). Let o = q - -32. List the prime factors of o.
17
Suppose 3*a + 7 = -5*o + 21, -o = 2*a. Suppose -2*u = 18 + 16. Let c = a - u. What are the prime factors of c?
3, 5
Let b be (-4)/(-2)*22/2. Let c be (-60)/(-8)*-2 - -3. Let x = c + b. What are the prime factors of x?
2, 5
Let a be (-5 - -5)/(-1 + 0). List the prime factors of ((-1 - a) + 2)/(2/34).
17
Let h(l) = -3*l**2 + 27*l. Let t(c) = -4*c**2 + 27*c - 1. Let v(o) = 3*h(o) - 4*t(o). What are the prime factors of v(6)?
2, 47
Let c = -631 + 265. Let p be (-9)/(297/(-6)) - 460/(-11). What are the prime factors of 2/7 - c/p?
3
Let s be (-1)/(-9) - (-159)/27. Let p = s + -81. List the prime factors of (-2)/3*p/2.
5
Let z(d) = -d**3 + 6*d**2 - 3*d - 6. Let x be z(4). What are the prime factors of ((-5)/(-2))/(7/x)?
5
Suppose -2 = -2*g, -4*g + 0 = -5*a + 1. Let r be ((-13)/2)/(a/(-10)). What are the prime factors of r - (-4 - -3)*-1?
2
Suppose 12 = -x - 5*o, 3*o - 60 = x + 4*x. Let y = x + 17. Suppose -y*h = -3*t - 121, 0 = h - 2*h + 3*t + 17. List the prime factors of h.
2, 13
Suppose -2*f - 24 = 2*f. Let i(s) = 1 - 7 - 1 - 5*s. What are the prime factors of i(f)?
23
Let m(q) = 6*q - 15*q + 6 - 13. Let z(g) = -19*g - 14. Let f(b) = 9*m(b) - 4*z(b). List the prime factors of f(-4).
13
Let h(q) = -q**3 - 6*q**2 + q + 1. Let c be -3*(-2)/12*-14. Let u be h(c). Let s = u + -28. List the prime factors of s.
3, 5
Let x = -1383 + 2424. List the prime factors of x.
3, 347
Suppose 0 = 4*a + 8 - 0. What are the prime factors of ((-4)/(-3) - a)*-30*-1?
2, 5
Let h = 19 - -58. Let i be 2